is the highest common factor of 21340 and 960?
20
Calculate the highest common factor of 292 and 145708.
292
Calculate the highest common divisor of 64827 and 4851.
441
Calculate the highest common factor of 9384 and 89556.
204
Calculate the highest common factor of 3340 and 213259.
167
What is the highest common divisor of 9 and 1534566?
3
What is the highest common factor of 7966896 and 262?
262
Calculate the highest common factor of 510532 and 22640.
1132
Calculate the highest common factor of 135 and 185850.
45
Calculate the greatest common divisor of 1188 and 30240.
108
Calculate the highest common divisor of 281320 and 5915.
65
Calculate the greatest common factor of 135954 and 3640.
182
What is the greatest common factor of 124757 and 7957?
73
What is the highest common divisor of 9315 and 3915?
135
What is the highest common divisor of 89264 and 80497?
797
What is the highest common divisor of 45648 and 11888?
16
Calculate the greatest common factor of 44 and 18381.
11
What is the highest common factor of 16140 and 6480?
60
What is the greatest common divisor of 90646 and 122?
122
Calculate the highest common divisor of 5046 and 290.
58
Calculate the greatest common factor of 2166 and 6346.
38
What is the highest common factor of 1977573 and 39?
39
Calculate the greatest common divisor of 4351 and 16.
1
What is the highest common factor of 3382 and 79762?
38
What is the highest common divisor of 1624 and 38080?
56
What is the greatest common factor of 7636 and 1012?
92
What is the highest common factor of 696 and 119364?
348
Calculate the highest common factor of 27952 and 16.
16
What is the highest common divisor of 415 and 699939?
83
What is the greatest common divisor of 1612 and 27274?
26
What is the greatest common factor of 245768 and 2480?
248
What is the highest common factor of 3510 and 630?
90
What is the highest common factor of 60 and 57360?
60
What is the greatest common factor of 75141 and 46?
23
What is the highest common factor of 112 and 8192?
16
What is the highest common factor of 1530284 and 28?
28
What is the highest common divisor of 1476 and 359734?
82
Calculate the greatest common divisor of 189 and 24975.
27
Calculate the highest common factor of 155 and 1478545.
155
Calculate the highest common factor of 25432 and 207196.
748
What is the greatest common factor of 11320 and 1090?
10
What is the highest common factor of 882 and 4242?
42
What is the highest common factor of 269469 and 4266?
711
What is the greatest common divisor of 1252 and 3990124?
1252
Calculate the greatest common divisor of 13744 and 547183.
859
Calculate the highest common factor of 306283 and 395.
79
Calculate the highest common factor of 112 and 238504.
56
What is the greatest common factor of 1583260 and 10836?
1204
Calculate the highest common divisor of 69 and 52739.
23
Calculate the greatest common factor of 357 and 845189.
17
What is the greatest common factor of 11012 and 18?
2
Calculate the highest common divisor of 92 and 3197.
23
What is the highest common divisor of 40 and 34360?
40
Calculate the highest common factor of 172 and 4716.
4
Calculate the greatest common divisor of 583137 and 9.
9
Calculate the greatest common factor of 19160 and 112.
8
Calculate the greatest common divisor of 3910 and 45080.
230
Calculate the greatest common divisor of 252 and 36876.
84
What is the greatest common divisor of 84 and 359556?
12
Calculate the greatest common factor of 428 and 40553.
107
What is the greatest common divisor of 2004 and 24?
12
Calculate the highest common factor of 3640 and 650195.
455
What is the highest common factor of 707 and 721?
7
Calculate the highest common divisor of 6313 and 749.
107
Calculate the greatest common divisor of 102 and 56542.
34
Calculate the highest common factor of 1020 and 6766170.
510
Calculate the greatest common factor of 19404 and 1056.
132
Calculate the greatest common divisor of 232344 and 3024.
504
What is the highest common factor of 1350 and 38400?
150
What is the highest common factor of 152 and 1101316?
76
Calculate the greatest common factor of 571914 and 459.
459
What is the highest common divisor of 140 and 256550?
70
What is the greatest common factor of 279498 and 444?
222
What is the greatest common divisor of 1220 and 244488?
244
Calculate the highest common divisor of 8911 and 6700.
67
Calculate the greatest common factor of 989 and 52331.
43
Calculate the greatest common divisor of 11 and 244739.
11
What is the greatest common divisor of 489 and 492749?
163
Calculate the greatest common factor of 2407 and 1079.
83
Calculate the greatest common factor of 4008 and 3912.
24
Calculate the highest common divisor of 1001182 and 364.
182
Calculate the greatest common factor of 436288 and 18.
2
Calculate the greatest common divisor of 8 and 47668.
4
Calculate the greatest common divisor of 51 and 3071.
1
Calculate the greatest common factor of 2395 and 785.
5
Calculate the highest common factor of 162 and 4545.
9
What is the greatest common factor of 1008 and 2151?
9
What is the greatest common factor of 64176 and 3696?
336
Calculate the highest common divisor of 7584 and 237.
237
Calculate the greatest common divisor of 87 and 5191.
29
What is the highest common factor of 21576 and 580?
116
Calculate the highest common factor of 372 and 1626756.
372
What is the greatest common divisor of 1908 and 1872?
36
What is the greatest common divisor of 520 and 207760?
40
What is the highest common factor of 544 and 23681?
17
What is the highest common divisor of 726468 and 24?
12
Calculate the highest common divisor of 182 and 3414437.
13
What is the highest common factor of 272 and 31637?
17
Calculate the highest common factor of 637 and 37219.
91
Calculate the greatest common factor of 420 and 22740.
60
What is the greatest common factor of 2400 and 531900?
300
Calculate the highest common factor of 26 and 137254.
26
What is the greatest common divisor of 4512794 and 509?
509
What is the greatest common factor of 192 and 513120?
96
Calculate the greatest common factor of 2956 and 3486602.
1478
Calculate the greatest common divisor of 400 and 800320.
80
Calculate the greatest common divisor of 481 and 2249.
13
Calculate the greatest common divisor of 11400 and 27816.
456
Calculate the highest common factor of 19567963 and 23.
23
Calculate the greatest common divisor of 8985 and 15.
15
What is the greatest common divisor of 37024 and 890?
178
What is the highest common divisor of 1360 and 356660?
340
Calculate the greatest common divisor of 388877 and 13352.
1669
What is the greatest common factor of 129609 and 117?
9
What is the highest common factor of 36820 and 1120?
140
What is the greatest common divisor of 1288 and 1205407?
161
What is the greatest common factor of 1286109 and 18?
9
What is the highest common divisor of 4897 and 5976?
83
What is the greatest common factor of 147892 and 8?
4
Calculate the greatest common factor of 3549 and 854295.
507
What is the highest common factor of 11593138 and 1402?
1402
What is the highest common factor of 21813 and 924?
33
Calculate the highest common divisor of 108 and 513189.
27
What is the greatest common factor of 507 and 207532?
169
What is the greatest common divisor of 4738 and 26818?
46
Calculate the greatest common divisor of 2599 and 6667.
113
Calculate the highest common divisor of 40264 and 56.
56
What is the greatest common divisor of 1050 and 85650?
150
What is the highest common factor of 1475 and 235?
5
Calculate the greatest common divisor of 585 and 165.
15
What is the highest common divisor of 3810 and 930?
30
What is the highest common factor of 613782 and 468?
234
What is the highest common divisor of 473 and 121561?
473
What is the greatest common factor of 129378 and 6?
6
What is the highest common factor of 3438 and 202078?
382
Calculate the highest common factor of 297 and 68343.
33
What is the highest common factor of 3536 and 8228?
68
Calculate the greatest common divisor of 435 and 2320.
145
Calculate the highest common divisor of 2891 and 649.
59
Calculate the greatest common divisor of 26700 and 108.
12
What is the highest common factor of 12 and 24379644?
12
Calculate the greatest common factor of 5372 and 272